eatest common divisor of i and 22?
2
Suppose -8*o + 9542 - 710 = 0. What is the greatest common divisor of 48 and o?
48
Let b = -307 - -339. What is the highest common divisor of 352 and b?
32
Let t = -1271 + 1274. What is the highest common divisor of 693 and t?
3
Let r be 5*(20/10 + 44/(-10)). Let u be ((-108)/(-21))/(r/(-504)). Suppose -3*a = -5 - 76. Calculate the greatest common divisor of u and a.
27
Let g(n) = -1. Let z(m) = -m - 89. Let t(i) = -g(i) - z(i). Let b be t(0). What is the highest common divisor of 18 and b?
18
Let f(m) = 4*m - 1. Let g(r) = -r**3 - 4*r**2 - r - 2. Let a be g(-4). Let h be f(a). Calculate the highest common divisor of 2 and h.
1
Suppose 1104 = 3*s - 6*h + 2*h, -5*h = 0. Suppose 3*o - s = 10. Calculate the greatest common divisor of o and 84.
42
Let m = 345 + 247. Calculate the highest common divisor of m and 16.
16
Let b(h) = h**2 - 10*h - 6. Let j be b(8). Let w = 71 + -40. Let g = j + w. Calculate the greatest common factor of 18 and g.
9
Let d(i) = -i + 15. Suppose 5*k = 9*k. Let g be d(k). What is the highest common factor of g and 105?
15
Let o(j) = -35*j - 4. Suppose -2*z - 6 = -2. Let w be o(z). Calculate the highest common divisor of 33 and w.
33
Suppose 2*q = -2*n - n, -3*n = -q. Let l(u) = -5 + q*u + 1 - 8*u. Let f be l(-2). Calculate the highest common factor of f and 12.
12
Let i(l) = 4*l + 16. Let x(c) = 1. Let g(u) = -i(u) + 8*x(u). Let s be g(-5). What is the highest common divisor of s and 60?
12
Let t(g) = 7*g + 196. Let j be t(-8). Calculate the highest common factor of j and 175.
35
Suppose 5*n + 0*f + 2*f = 90, -5*n + 65 = -3*f. What is the greatest common factor of n and 80?
16
Let z = -126 + 189. Calculate the highest common divisor of z and 504.
63
Suppose 3*b - 59 = -5*c, -2*c - 39 = 4*b - 71. Suppose -o + 91 = 1. Calculate the highest common factor of o and c.
10
Suppose -3*n - 112 = -10*n. What is the highest common factor of 688 and n?
16
Let w(c) = 2*c + 12. Let o be w(-2). Calculate the greatest common divisor of 64 and o.
8
Let i(d) = d**2 - 11. Let b be i(9). Let c = -26 + b. Suppose -o + 16 = 3*o. Calculate the greatest common divisor of o and c.
4
Suppose 10*k = 9*k + 2*u + 898, -2698 = -3*k + 4*u. What is the highest common factor of k and 82?
82
Let m be 2/(-4) - 14/4. Let d be 2 + 2*(-122)/m. Let c(x) = -x**2 + 22*x - 89. Let b be c(16). What is the greatest common divisor of d and b?
7
Let b(f) = 15*f**2 - 22*f**2 - 6 + 13*f**2. Let t be b(-4). Suppose 0 = -4*v + 103 - 43. Calculate the greatest common factor of t and v.
15
Suppose -105 - 189 = -6*c. Calculate the highest common factor of c and 441.
49
Suppose 0 = -3*v + 7 + 11. Suppose -v = -8*i + 26. Calculate the highest common divisor of 3 and i.
1
Let i = 60 - -241. Calculate the greatest common factor of i and 7.
7
Suppose 24 + 64 = 2*n - 2*x, -3*n = x - 136. Calculate the highest common factor of 195 and n.
15
Let i(k) = 7*k**2 + 10*k + 73. Let v be i(-11). Calculate the greatest common factor of v and 18.
18
Let w(a) be the third derivative of -a**6/120 + a**5/6 - a**4/3 - a**3/2 - 7*a**2. Let o be w(6). What is the greatest common factor of o and 62?
31
Suppose -7*p = -17*p + 1080. What is the greatest common divisor of 24 and p?
12
Suppose 0 = 6*u - 17*u + 352. Suppose -l + u + 43 = 0. What is the greatest common divisor of l and 30?
15
Suppose -3213*s = -3215*s + 296. Calculate the greatest common factor of s and 2.
2
Let h = 27 + -23. Suppose -2 = -0*l - l, 3*q - 61 = h*l. Calculate the greatest common divisor of 207 and q.
23
Let x(d) = 2*d**2 - 13*d - 7. Let r(g) = g + 6. Let q be r(3). Let u be x(q). Calculate the greatest common divisor of 19 and u.
19
Let y = -32 - -42. Let a = y - 5. Suppose a*w - 32 = w - 4*s, 0 = 4*w + 3*s - 36. Calculate the greatest common divisor of w and 96.
12
Suppose -11*b + 1200 = -13*b + 14*b. Let s be 30/4*(-4)/(-3). What is the highest common divisor of b and s?
10
Let b be -3 - (-6681)/42 - 31/434. What is the greatest common factor of b and 104?
52
Suppose 4*a - 7 = -2*z + 45, -26 = -2*a - 3*z. Calculate the greatest common divisor of 2197 and a.
13
Let m = 1100 - 1099. Let p be (-60)/(-14) - (-2)/(-7). Suppose p*d = 2*d + k + 7, -5*d + 19 = -2*k. What is the greatest common factor of d and m?
1
Suppose 5299 - 2026 = q + 5*a, -3*q + 2*a + 9887 = 0. Calculate the highest common divisor of 37 and q.
37
Let t = 153 - 105. Let a = -27 - -51. What is the highest common divisor of a and t?
24
Let z(i) = i**2 - 24*i + 53. Let a be z(22). What is the highest common factor of a and 120?
3
Let f = 36 - -74. Let i(s) be the first derivative of s**3/3 + s**2 + 9*s + 1. Let k be i(-7). What is the greatest common factor of f and k?
22
Suppose 5*d + 18 = 6*d. Let j(h) = 2*h + 50. Let o be j(-23). Let f(i) = i + 8. Let s be f(o). Calculate the highest common factor of s and d.
6
Suppose -735 = -7*z + 2*k, -3*k - 525 = -8*z + 3*z. Calculate the greatest common factor of 63 and z.
21
Suppose -17 = 5*y - 2. Let p(z) = -43*z + 7. Let t be p(y). Suppose 4*n - t - 218 = -5*g, -n + 93 = -g. Calculate the highest common divisor of n and 13.
13
Let d be 12/(-6) - (-3)/(-1). Let b(w) = w**2 + 3*w + 6. Let i be b(d). Calculate the greatest common factor of 80 and i.
16
Let p = -61 - -72. What is the highest common factor of 66 and p?
11
Let l = 163 - 37. Let u = l + -38. What is the greatest common divisor of 22 and u?
22
Suppose 0 = -150*a + 152*a - 1628. Calculate the highest common divisor of 148 and a.
74
Let y = 2 - -5. Let a = -892 - -941. Calculate the greatest common factor of a and y.
7
Suppose -2076 = -4*p + 5*s, -167*s = -4*p - 169*s + 2048. What is the greatest common divisor of p and 2?
2
Suppose 6*m = -2*k + m + 22, -6 = -3*m. Suppose -j = -0*j - k. Suppose -3*c - 1 = 14, 2*n = 3*c + 63. What is the highest common factor of j and n?
6
Let s(g) = 322*g**2 - 3*g - 2. Let t be s(-1). Suppose 2*y = -5*a + t, -2*a = -0*y - y - 122. What is the highest common divisor of a and 7?
7
Suppose -u - 2*u = -27. Suppose 3*p - 42 = v - p, -3*v - 134 = -4*p. Let n = -10 - v. Calculate the highest common divisor of u and n.
9
Suppose 0*m + 5*m - 6320 = 0. Let v = m - 724. Suppose -7*a + v = -4*a. What is the greatest common divisor of 20 and a?
20
Let w be (-174)/(-10) + (4 - (-220)/(-50)). Calculate the greatest common factor of 323 and w.
17
Suppose 115*h = -2*r + 113*h + 1046, 5*r + h = 2623. Calculate the greatest common divisor of r and 70.
35
Suppose -50*m = -6807 - 4743. What is the highest common divisor of 385 and m?
77
Suppose -3*y + 245 = -619. Suppose -w + 5*w = -y. Let n be (3/6)/((-3)/w). What is the greatest common divisor of n and 12?
12
Suppose 5*f + 6*y - y - 25 = 0, 3*y = 3*f - 9. Suppose -f*g + 40 = -0*g. Calculate the highest common divisor of 90 and g.
10
Let h(l) = l**2 - 21. Let k be h(5). What is the greatest common divisor of 16 and k?
4
Suppose 4585 = -33*k - 2. Suppose 3*t + t = -140. Let f = t - k. What is the greatest common divisor of 13 and f?
13
Let v = -8 - -30. Suppose k - v + 14 = 0. Suppose -3*j - 55 = -k*j. What is the greatest common divisor of 1 and j?
1
Let b(o) = 4*o**2 - 11*o + 27. Let c be b(11). Calculate the greatest common divisor of 260 and c.
130
Let r(g) = 10*g**2 + 14*g + 54. Let t be r(-6). What is the highest common divisor of 66 and t?
66
Let u be 151/7 + (-6)/(-14). Suppose 4*k - 6*k + 30 = 0. Let a be k/(-45) - 926/(-6). Calculate the greatest common factor of a and u.
22
Let q be 720/75 + (-3)/5. Let t = 26 + 1. What is the highest common divisor of q and t?
9
Let r = -1169 + 1189. Calculate the greatest common factor of r and 1820.
20
Suppose 2*m = -22 + 6. Let l be (-2)/(m/2)*-34. Let y = -15 - l. What is the greatest common divisor of y and 6?
2
Suppose 171*u + 11844 = 185*u. What is the highest common divisor of 36 and u?
18
Let a be 1 + 15/3 + -1. Suppose -44 - 136 = -a*z. Let n be (-8 - -2)*(-22)/33. What is the highest common factor of n and z?
4
Let z(w) = -10*w - 4. Let c be z(-5). Let u(l) = 5*l**2 - 4*l + 5. Let n be u(4). What is the greatest common factor of c and n?
23
Let r be (1 - -3)*(-2874)/(-24) - 1. Let y be r/7 + -5 - (-2)/(-7). What is the highest common factor of y and 42?
21
Suppose -35 = 5*y + 5*j, -3*y = -6*y + 2*j 